sor of 16 and h?
16
Let j(u) = -u**3 - 6*u**2 + 4*u + 26. Let d be j(-6). Suppose -4*y - y + d*h = -31, 0 = -4*h + 8. What is the highest common factor of 21 and y?
7
Let k be (-6*2/3 - 62)*20/(-15). What is the greatest common factor of 110 and k?
22
Let c(u) be the first derivative of -4*u**2 + 30*u + 3. Let d be c(-10). Suppose -6*n - 6 = -66. What is the highest common factor of d and n?
10
Let t(z) = -4*z**2 + 205*z + 498. Let b be t(53). What is the highest common factor of 39497 and b?
127
Let z = -236 - -509. Let w(r) = r**3 - 7*r**2 - 6*r - 25. Let f be w(8). Let l be 60/45 - 339/f. What is the greatest common factor of l and z?
39
Let s(n) be the third derivative of -n**5/60 + 25*n**4/24 - 49*n**3/6 + 125*n**2. Let t be s(18). Calculate the greatest common divisor of t and 385.
77
Let g(m) = -3*m - 41. Let n be g(-15). Suppose 2*u = 3*i + 62, 2 - n = i. Calculate the highest common factor of u and 196.
28
Suppose -q = -5*q + 4, -4*y - 2*q = -14. Suppose -10*d = -y*d - 154. Calculate the greatest common factor of 44 and d.
22
Let l be (-2 - 1)*32/(-12). Let w be (-215)/(-2)*(-104)/(-130). Let h = w - -18. Calculate the highest common divisor of l and h.
8
Suppose 0 = -3*j + 17*p - 12*p + 469, -j + 5*p + 163 = 0. Let g(r) = 4*r**2 + 2*r - 17. Let x be g(8). Calculate the greatest common divisor of x and j.
51
Let m be -11 - (8 - 7)*-171. Let c(w) = w**3 - w**2 + 2. Let q be c(3). Suppose 0 = 5*l - 6*l + q. What is the highest common factor of m and l?
20
Suppose 12 - 12 = -2*o. Suppose -4*w = -4*i + w + 76, o = 5*i - 2*w - 78. Let j(y) = -10*y + 1. Let p be j(-2). What is the highest common factor of p and i?
7
Let l(r) = -147*r + 1401. Let q be l(8). What is the greatest common factor of q and 525?
75
Let w(j) = 2*j. Let k be w(4). Suppose -5*q + 2*q - 733 = -2*a, -4*q + 4*a = 972. Let p = 287 + q. What is the greatest common divisor of k and p?
8
Suppose -4*d = -u - 5*d + 1, -3 = 3*d. Let r = 246 + -243. Suppose 22 = r*b + 13. Calculate the greatest common divisor of b and u.
1
Let m be (-18)/(-27) - (-166)/(-6). Let x = m + 53. Let z be ((-4)/8 - 0)/((-4)/312). Calculate the greatest common factor of z and x.
13
Let q be 35/(-30)*14*-54. Let r = q - 592. What is the greatest common divisor of r and 116?
58
Suppose 34*r + 7443 = 186*r - 685373. What is the highest common factor of r and 43?
43
Suppose 77*v - 428 = 129 + 829. Let k(f) = -5*f + 7. Let a be k(-7). What is the highest common divisor of a and v?
6
Let v(b) = 10*b**2 + 96*b + 18. Let t be v(-12). Let z be -2 - ((-72)/2 - 0). What is the highest common factor of t and z?
34
Suppose 54*t = -10*t + 18*t + 82754. What is the greatest common divisor of t and 7?
7
Suppose -8*r = -2432 - 2760. Let s(t) = 19*t**2 - 6*t - 10. Let l be s(-6). Let d be l/12 - 6/36. Calculate the highest common divisor of r and d.
59
Suppose -2*u + 12 = 4*o, -26*o = 5*u - 22*o - 60. Let d(b) = 127*b + 1. Let n be d(1). Suppose 7*s = 3*s + n. What is the greatest common divisor of s and u?
16
Let c(f) = -f**3 - 3*f**2 - f - 4. Let w be c(-3). Let z(q) = -33*q**3 + q**2 + 4*q + 2. Let v be z(w). Calculate the greatest common divisor of v and 800.
32
Let r = -10574 - -10591. Calculate the highest common divisor of r and 493.
17
Let j = -6131 - -6138. Calculate the greatest common divisor of 161 and j.
7
Let g(b) = -b**2 + 3*b - 4. Let t be g(4). Let s be (-3*8)/(2/t). Suppose -2*i = 2, 5*i = -x + 2*i + 29. What is the greatest common divisor of s and x?
32
Let y(j) be the third derivative of j**5/60 + j**4/24 + 19*j**3/3 + 24*j**2. Let q be y(6). Calculate the highest common factor of q and 20.
20
Suppose 3*v + 11 = 131. Suppose m + 5*c + 68 = 5*m, 0 = -4*m - 2*c + v. Suppose m*z - 420 = 7*z. What is the highest common factor of z and 21?
21
Let i = -12562 - -12671. What is the greatest common divisor of i and 3161?
109
Let x be (-30 + 2 + -8)/(18/(-228)). What is the greatest common divisor of x and 552?
24
Suppose 5*p = 213 + 57. Let r(t) = -98*t + 28. Let w be r(-2). Let k be -1*4/14 - (-24256)/w. Calculate the greatest common divisor of k and p.
54
Suppose -2*u + 27 = 2*g - 5*u, 5*g + 3*u = 57. Suppose 0 = -0*p - g*p + 1200. What is the highest common divisor of p and 20?
20
Suppose -61*i = -22*i - 640 + 328. What is the greatest common factor of 15392 and i?
8
Let s(z) = -15 + 15*z + 0 + 1 + z**2 + 0*z**2. Let r be s(-20). Suppose x + r = 3*b, 3*x - 1 = 2. What is the highest common divisor of 232 and b?
29
Suppose 3*y + 18 = -0*y. Let r = -130 - -140. Let a = y + r. What is the greatest common factor of a and 6?
2
Suppose -3*i + 5*r + 45 = 0, -7*r = 2*i - 10*r - 29. What is the greatest common factor of i and 1285?
5
Suppose -4*n + 180 = 3*q, -4*n - 52*q + 51*q + 180 = 0. Let k(h) = -h**3 + 14*h**2 - 12*h + 5. Let d be k(13). Calculate the highest common factor of n and d.
9
Suppose 106*q - 11550 = 104*q - 3*m, 4*q = 3*m + 23118. Calculate the greatest common divisor of 54 and q.
54
Suppose -5*c + 28*d = 32*d - 603, 0 = 2*c - 3*d - 209. What is the greatest common factor of 27715 and c?
115
Suppose -5*y = -3*u + 397, -4*u + 27*y = 21*y - 522. Let t = -369 - -559. What is the greatest common factor of u and t?
38
Let i = 14001 + -13583. Calculate the highest common divisor of i and 1216.
38
Let l be (-6)/4*(-112)/3. Let q be ((-14)/(-6))/(5/60). Suppose q + 36 = 4*r. What is the highest common factor of r and l?
8
Suppose 9*d + 2529 = -21*f + 23*f, 20 = 4*d. What is the greatest common factor of f and 143?
143
Let d = 622 - 667. Let n be (-204)/(-5)*d/(-18). What is the highest common divisor of 68 and n?
34
Suppose -89*n = -71*n - 58*n + 4560. What is the greatest common divisor of 4598 and n?
38
Suppose 174*p = 127*p + 564893. What is the highest common factor of p and 119?
119
Let s(d) = d**2 - 17*d + 1. Let i be s(17). Let c = i - -68. Let y = c + -34. Calculate the highest common divisor of y and 7.
7
Suppose -7*y + 184 = -5*y - 2*f, y - 92 = -5*f. Calculate the highest common factor of 9062 and y.
46
Let p be 11*(7 + ((-8)/2 - 190/110)). Calculate the greatest common divisor of p and 70.
14
Suppose 3*j + j - 4 = 0. Let i be (-5)/((4 - j)/(-3)). Suppose 3*a - 3*h - 12 = 0, 4*h = 5*a - 4*a - 1. Calculate the greatest common divisor of i and a.
5
Suppose -106389 = 944*i - 1029*i + 148611. What is the highest common divisor of i and 216?
24
Let p = -209 - -149. Let b be 14/8 + (-15)/p. Let g be ((-33)/6 + b)*28/(-49). What is the highest common factor of g and 10?
2
Let w(d) = 2*d**2 - 36*d + 67. Let t be w(16). Suppose y - 7*m - 34 = -3*m, 0 = t*y - 2*m - 72. Calculate the greatest common factor of y and 418.
22
Let l be (-5 - 627/(-24)) + (-1)/8. Suppose -j = 5*o - l, -4*j = 9*o - 13*o + 12. Calculate the greatest common divisor of 256 and o.
4
Let p(k) = -31*k**3 + 5*k**2 - 7*k - 7. Let s be p(3). Let m = s - -1226. Calculate the greatest common factor of m and 116.
58
Suppose 5*p - 4*p - 31 = 0. Let l = -22 + p. Suppose 0 = -4*h - h - 5*f - 5, 10 = -5*f. Calculate the greatest common factor of h and l.
1
Let c = 2 - 1. Suppose -2*d = -5*v + 82, -d + c = -3. Calculate the greatest common factor of v and 9.
9
Let o = 39 - 24. Let s(j) = 409*j + 833. Let c be s(-2). What is the greatest common factor of o and c?
15
Suppose 0 = -11*q - 114 + 290. Calculate the highest common factor of q and 1656.
8
Let l be (-4)/(-10) - (17 - (-3092)/(-20)). Calculate the highest common divisor of 3036 and l.
138
Let h(w) = w**3 - w**2 + w + 112. Let d be (6 - 6)/(1 - -1). Let n be h(d). Let c(y) = y + 5. Let z be c(11). What is the highest common factor of n and z?
16
Let y(c) = 10*c + 1. Let a(j) = 6*j - 14. Let x be a(5). Let g = -14 + x. Let i be y(g). Calculate the highest common divisor of i and 63.
21
Let d = -79977 - -80003. Let k = -14 + 24. What is the greatest common factor of k and d?
2
Suppose 6*y - y = 3*k + 20, 0 = 4*k. Suppose j - 4*m - 58 = 0, m - 266 = -y*j - 0*m. Calculate the greatest common divisor of j and 11.
11
Let s(m) = m**2 + 58*m + 1110. Let u be s(-22). Calculate the highest common factor of 11925 and u.
159
Let d be 3 - ((-12)/(-20)*5 + 3). Let z be d/2*12/(-5)*5. What is the highest common factor of 108 and z?
18
Let s(r) = r**3 + 7*r**2 - 17*r - 69. Let m be s(-8). What is the 